
5
What is the billions digit of 8269769692?
8
What is the hundred millions digit of 303286351?
3
What is the units digit of 60503585?
5
What is the ten thousands digit of 1218152805?
5
What is the hundred thousands digit of 131761930?
7
What is the hundreds digit of 51548522?
5
What is the ten thousands digit of 116285850?
8
What is the tens digit of 46339375?
7
What is the ten thousands digit of 3781062199?
6
What is the millions digit of 971723071?
1
What is the tens digit of 1928656945?
4
What is the millions digit of 1222827383?
2
What is the ten millions digit of 196166845?
9
What is the hundred millions digit of 109429102?
1
What is the hundreds digit of 39861090?
0
What is the hundred thousands digit of 857934417?
9
What is the units digit of 789508176?
6
What is the ten thousands digit of 86598799?
9
What is the units digit of 29879641?
1
What is the hundred millions digit of 2678660550?
6
What is the hundred thousands digit of 53373158?
3
What is the millions digit of 91379643?
1
What is the ten millions digit of 107543328?
0
What is the tens digit of 958588444?
4
What is the units digit of 32368932?
2
What is the tens digit of 44570171?
7
What is the ten thousands digit of 867291748?
9
What is the hundreds digit of 2821168656?
6
What is the tens digit of 427283402?
0
What is the ten millions digit of 184872373?
8
What is the tens digit of 268141614?
1
What is the millions digit of 2020197976?
0
What is the ten millions digit of 27170911?
2
What is the units digit of 866024418?
8
What is the ten millions digit of 113019094?
1
What is the thousands digit of 294916594?
6
What is the ten thousands digit of 1749807781?
0
What is the hundred thousands digit of 16778521?
7
What is the hundred thousands digit of 667001229?
0
What is the hundreds digit of 200685687?
6
What is the thousands digit of 31547547?
7
What is the units digit of 165204243?
3
What is the hundred thousands digit of 1712175391?
1
What is the ten thousands digit of 94962670?
6
What is the millions digit of 3399499192?
9
What is the billions digit of 1768008271?
1
What is the hundred millions digit of 151721105?
1
What is the ten millions digit of 4065161560?
6
What is the hundred thousands digit of 417115799?
1
What is the units digit of 96562028?
8
What is the ten thousands digit of 6353681541?
8
What is the ten millions digit of 415436475?
1
What is the hundreds digit of 39714726?
7
What is the hundred thousands digit of 775391898?
3
What is the hundreds digit of 3483227508?
5
What is the ten millions digit of 31950456?
3
What is the units digit of 639120?
0
What is the tens digit of 25246317?
1
What is the thousands digit of 1953694748?
4
What is the ten millions digit of 50628489?
5
What is the hundreds digit of 946046758?
7
What is the units digit of 514218050?
0
What is the hundred thousands digit of 464327372?
3
What is the tens digit of 192427189?
8
What is the hundred thousands digit of 75990952?
9
What is the units digit of 84475930?
0
What is the hundred millions digit of 101319137?
1
What is the thousands digit of 32196909?
6
What is the units digit of 232259567?
7
What is the ten thousands digit of 38776398?
7
What is the millions digit of 363417086?
3
What is the ten thousands digit of 57367841?
6
What is the tens digit of 746249154?
5
What is the ten millions digit of 194114725?
9
What is the ten thousands digit of 9197525?
9
What is the hundreds digit of 9291630?
6
What is the tens digit of 99655940?
4
What is the ten thousands digit of 6030313650?
1
What is the hundred thousands digit of 475906542?
9
What is the hundred millions digit of 129293637?
1
What is the ten thousands digit of 103821484?
2
What is the thousands digit of 336188115?
8
What is the hundred millions digit of 1308057231?
3
What is the tens digit of 361326637?
3
What is the ten thousands digit of 157115713?
1
What is the thousands digit of 85663359?
3
What is the hundred thousands digit of 450629637?
6
What is the thousands digit of 1849946016?
6
What is the hundred millions digit of 2388273841?
3
What is the millions digit of 377518210?
7
What is the hundreds digit of 44041333?
3
What is the hundreds digit of 20952428?
4
What is the hundreds digit of 61470348?
3
What is the hundreds digit of 951731317?
3
What is the tens digit of 59417193?
9
What is the hundred thousands digit of 3422310261?
3
What is the thousands digit of 5161914772?
4
What is the tens digit of 16692675?
7
What is the hundred millions digit of 173765307?
1
What is the ten thousands digit of 30169555?
6
What is the tens digit of 270731502?
0
What is the units digit of 992555848?
8
What is the thousands digit of 646600945?
0
What is the ten millions digit of 53541868?
5
What is the millions digit of 90433023?
0
What is the units digit of 54872243?
3
What is the thousands digit of 49889493?
9
What is the hundreds digit of 53227819?
8
What is the thousands digit of 54416611?
6
What is the units digit of 1115668541?
1
What is the hundred millions digit of 211279284?
2
What is the ten thousands digit of 125631?
2
What is the billions digit of 2857317276?
2
What is the thousands digit of 2651796588?
6
What is the millions digit of 48305156?
8
What is the hundred thousands digit of 3968933714?
9
What is the hundred thousands digit of 27617057?
6
What is the hundred thousands digit of 44591428?
5
What is the hundred thousands digit of 43082092?
0
What is the units digit of 1367913288?
8
What is the hundreds digit of 36393454?
4
What is the tens digit of 1589707717?
1
What is the tens digit of 7369053?
5
What is the thousands digit of 60769813?
9
What is the ten thousands digit of 467767544?
6
What is the hundreds digit of 448120368?
3
What is the hundreds digit of 2722072835?
8
What is the units digit of 4847145821?
1
What is the ten millions digit of 91911037?
9
What is the ten thousands digit of 876711051?
1
What is the units digit of 3880290706?
6
What is the thousands digit of 58851213?
1
What is the tens digit of 45065406?
0
What is the hundreds digit of 1287552895?
8
What is the hundred thousands digit of 93965950?
9
What is the tens digit of 19703916?
1
What is the ten millions digit of 1066195658?
6
What is the units digit of 1447106944?
4
What is the units digit of 25546770?
0
What is the thousands digit of 43391544?
1
What is the hundreds digit of 13023930?
9
What is the units digit of 2357111078?
8
What is the millions digit of 27844886?
7
What is the hundred millions digit of 704227691?
7
What is the units digit of 434070115?
5
What is the ten millions digit of 44646418?
4
What is the ten millions digit of 965803869?
6
What is the tens digit of 107968741?
4
What is the hundred millions digit of 212420976?
2
What is the hundreds digit of 1852317841?
8
What is the millions digit of 673253639?
3
What is the thousands digit of 876772292?
2
What is the thousands digit of 4639803?
9
What is the units digit of 119836746?
6
What is the tens digit of 672267243?
4
What is the millions digit of 227328342?
7
What is the hundreds digit of 2224538127?
1
What is the millions digit of 131597240?
1
What is the hundred millions digit of 136901998?
1
What is the thousands digit of 535624042?
4
What is the units digit of 66905682?
2
What is the hundred thousands digit of 115324099?
3
What is the ten millions digit of 165107357?
6
What is the ten thousands digit of 247004179?
0
What is the hundreds digit of 51650834?
8
What is the hundred millions digit of 392940520?
3
What is the tens digit of 165794623?
2
What is the hundreds digit of 370315016?
0
What is the hundred thousands digit of 113061472?
0
What is the thousands digit of 3062092654?
2
What is the tens digit of 25026027?
2
What is the hundred thousands digit of 109675518?
6
What is the ten thousands digit of 3178041679?
4
What is the hundred millions digit of 430450177?
4
What is the ten millions digit of 2878193871?
7
What is the units digit of 211352950?
0
What is the hundred thousands digit of 65333714?
3
What is the ten thousands digit of 152474538?
7
What is the thousands digit of 119593663?
3
What is the units digit of 17048568?
8
What is the units digit of 88632576?
6
What is the ten thousands digit of 73078492?
7
What is the hundreds digit of 49755389?
3
What is 